
What is the hundred thousands digit of 5149414?
1
What is the thousands digit of 140330?
0
What is the ten millions digit of 10460960?
1
What is the ten thousands digit of 782745?
8
What is the ten thousands digit of 15041499?
4
What is the units digit of 490986?
6
What is the hundred thousands digit of 5564787?
5
What is the tens digit of 11437?
3
What is the units digit of 1385335?
5
What is the hundreds digit of 326811?
8
What is the ten thousands digit of 184167?
8
What is the units digit of 915688?
8
What is the hundred thousands digit of 695007?
6
What is the thousands digit of 3496013?
6
What is the hundreds digit of 7774?
7
What is the units digit of 56446?
6
What is the tens digit of 2044548?
4
What is the tens digit of 4627146?
4
What is the ten thousands digit of 782891?
8
What is the hundreds digit of 1739789?
7
What is the units digit of 579545?
5
What is the ten thousands digit of 453432?
5
What is the thousands digit of 385583?
5
What is the units digit of 16744?
4
What is the tens digit of 696596?
9
What is the hundreds digit of 2315169?
1
What is the hundred thousands digit of 485852?
4
What is the hundred thousands digit of 34470196?
4
What is the thousands digit of 536390?
6
What is the thousands digit of 2119985?
9
What is the thousands digit of 778947?
8
What is the hundreds digit of 273116?
1
What is the thousands digit of 833810?
3
What is the thousands digit of 681770?
1
What is the millions digit of 1120011?
1
What is the hundreds digit of 112733?
7
What is the thousands digit of 16318457?
8
What is the hundreds digit of 33478777?
7
What is the hundreds digit of 125677?
6
What is the units digit of 539791?
1
What is the ten thousands digit of 3792145?
9
What is the tens digit of 237825?
2
What is the thousands digit of 5846293?
6
What is the hundred thousands digit of 4702633?
7
What is the ten thousands digit of 21364448?
6
What is the hundred thousands digit of 2458853?
4
What is the thousands digit of 37302?
7
What is the tens digit of 1913739?
3
What is the hundred thousands digit of 16865047?
8
What is the millions digit of 11578161?
1
What is the hundred thousands digit of 496071?
4
What is the hundred thousands digit of 30492950?
4
What is the tens digit of 90010?
1
What is the ten thousands digit of 8892088?
9
What is the units digit of 287657?
7
What is the units digit of 14025966?
6
What is the ten thousands digit of 332346?
3
What is the thousands digit of 361953?
1
What is the millions digit of 1991131?
1
What is the thousands digit of 83468?
3
What is the hundreds digit of 7799004?
0
What is the tens digit of 4840415?
1
What is the tens digit of 4207077?
7
What is the units digit of 210284?
4
What is the hundred thousands digit of 6326406?
3
What is the units digit of 3594638?
8
What is the ten thousands digit of 699403?
9
What is the tens digit of 501839?
3
What is the units digit of 3808846?
6
What is the hundreds digit of 4017228?
2
What is the ten thousands digit of 869155?
6
What is the hundreds digit of 349148?
1
What is the units digit of 1060171?
1
What is the ten thousands digit of 305137?
0
What is the units digit of 849856?
6
What is the ten thousands digit of 247825?
4
What is the units digit of 205668?
8
What is the ten thousands digit of 539349?
3
What is the hundreds digit of 35385?
3
What is the units digit of 3140718?
8
What is the hundred thousands digit of 10984336?
9
What is the hundreds digit of 514386?
3
What is the ten millions digit of 11816578?
1
What is the thousands digit of 2088177?
8
What is the ten thousands digit of 2894239?
9
What is the ten thousands digit of 483839?
8
What is the hundred thousands digit of 5003432?
0
What is the hundred thousands digit of 276592?
2
What is the thousands digit of 194936?
4
What is the millions digit of 13843159?
3
What is the units digit of 2373696?
6
What is the hundreds digit of 3265323?
3
What is the hundreds digit of 537076?
0
What is the thousands digit of 1167743?
7
What is the hundred thousands digit of 1948205?
9
What is the hundred thousands digit of 3663161?
6
What is the tens digit of 448114?
1
What is the tens digit of 587494?
9
What is the ten thousands digit of 271409?
7
What is the units digit of 9762068?
8
What is the hundred thousands digit of 7502372?
5
What is the ten thousands digit of 5046883?
4
What is the thousands digit of 1046428?
6
What is the units digit of 4068072?
2
What is the thousands digit of 45065?
5
What is the units digit of 9968013?
3
What is the tens digit of 3075?
7
What is the hundreds digit of 17804398?
3
What is the hundred thousands digit of 7269561?
2
What is the tens digit of 137182?
8
What is the hundred thousands digit of 234472?
2
What is the hundreds digit of 307218?
2
What is the ten thousands digit of 376977?
7
What is the units digit of 5067678?
8
What is the hundreds digit of 177959?
9
What is the tens digit of 3751612?
1
What is the units digit of 110266?
6
What is the units digit of 5707404?
4
What is the tens digit of 1969878?
7
What is the tens digit of 1740198?
9
What is the hundred thousands digit of 29214358?
2
What is the hundreds digit of 541037?
0
What is the tens digit of 17103763?
6
What is the millions digit of 1399407?
1
What is the hundreds digit of 4069622?
6
What is the millions digit of 21041480?
1
What is the hundred thousands digit of 5812152?
8
What is the thousands digit of 3181606?
1
What is the hundred thousands digit of 142718?
1
What is the tens digit of 133168?
6
What is the hundreds digit of 527568?
5
What is the hundred thousands digit of 1239015?
2
What is the ten millions digit of 12924126?
1
What is the hundreds digit of 1549268?
2
What is the millions digit of 24732945?
4
What is the hundreds digit of 51306?
3
What is the hundred thousands digit of 188048?
1
What is the millions digit of 1099894?
1
What is the tens digit of 527514?
1
What is the tens digit of 369324?
2
What is the tens digit of 281581?
8
What is the hundred thousands digit of 686112?
6
What is the hundreds digit of 466960?
9
What is the hundreds digit of 37737?
7
What is the millions digit of 13699615?
3
What is the thousands digit of 9711479?
1
What is the thousands digit of 1203169?
3
What is the tens digit of 338052?
5
What is the hundred thousands digit of 4049396?
0
What is the tens digit of 31673015?
1
What is the hundreds digit of 125774?
7
What is the tens digit of 361047?
4
What is the thousands digit of 212154?
2
What is the hundreds digit of 595790?
7
What is the units digit of 3916606?
6
What is the ten thousands digit of 157702?
5
What is the hundreds digit of 1036186?
1
What is the ten thousands digit of 867174?
6
What is the tens digit of 554032?
3
What is the units digit of 189984?
4
What is the hundred thousands digit of 14790182?
7
What is the ten thousands digit of 17173749?
7
What is the units digit of 318390?
0
What is the tens digit of 433520?
2
What is the ten thousands digit of 4427353?
2
What is the ten thousands digit of 632705?
3
What is the hundreds digit of 881092?
0
What is the units digit of 1914289?
9
What is the millions digit of 8228744?
8
What is the tens digit of 358289?
8
What is the tens digit of 696353?
5
What is the tens digit of 424?
2
What is the hundreds digit of 24869041?
0
What is the hundred thousands digit of 3404383?
4
What is the thousands digit of 751104?
1
What is the thousands digit of 7037419?
7
What is the hundred thousands digit of 6678686?
6
What is the thousands digit of 2907379?
7
What is the tens digit of 4111639?
3
What is the ten thousands digit of 17286074?
8
What is the hundred thousands digit of 2952703?
9
What is the thousands digit of 11084070?
4
What is the hundreds digit of 282838?
8
What is the tens digit of 424865?
6
What is the millions digit of 1099209?
1
What is the ten thousands digit of 4888055?
8
What is the units digit of 18228334?
4
What is the units digit of 396428?
8
What is the hundreds digit of 51364?
3
What is the hundreds digit of 2979144?
1
What is the thousands digit of 735885?
5
What is the hundred thousands digit of 532168?
5
What is the hundreds digit of 192430?
4
What is the ten millions digit of 20322278?
2
What is the tens digit of 159462?
6
What is the thousands digit of 1113693?
3
What is th